/6)/((-2)/v). What is the remainder when 4/b - 101/(-3) is divided by 12?
10
What is the remainder when 87 is divided by (-1856)/(-104) - (-6)/(-117)*-3?
15
Let q be 1 + -6 + 2 + 1. Let o = -2 - -7. Calculate the remainder when o is divided by (3/(-2) - 0)*q.
2
Let m(c) = c**3 - 7*c**2 + 4*c - 1. Let q = -6 - -12. Let n be m(q). Let r = 23 + n. What is the remainder when 19 is divided by r?
9
Suppose 2*l = -5*d + 248 + 138, l + 80 = d. Calculate the remainder when d is divided by (-4)/(-16) - (-214)/8.
24
Let f be -1*1 + (-1)/1. Calculate the remainder when 0/(-1) - -1*9 is divided by 4 + -1*2/f.
4
Suppose -5*d = 3*t - 169 + 42, -3*d = 2*t - 83. What is the remainder when 132 is divided by t?
30
Suppose 4*t + 2 = -10. What is the remainder when 2/t - 148/(-6) is divided by 13?
11
Calculate the remainder when 114 is divided by (0/1 - 3)*58/(-6).
27
Let n = 33 + -20. Let b = n + -8. Calculate the remainder when 8 is divided by b.
3
Let u be -1 - (0 - (1 + -1)). Let o(i) = -14*i**3 + 1. Calculate the remainder when o(u) is divided by 9.
6
Suppose 0 = -s - 3 + 26. Calculate the remainder when 44 is divided by s.
21
Let d(l) = -l**3 - 6*l**2 - 6*l - 2. Suppose 3*s = 5*c - 30, -4*s - c - 7 - 10 = 0. Calculate the remainder when (-2)/(-4)*(15 - 1) is divided by d(s).
1
Let j(v) be the third derivative of 0 + 0*v - v**2 - 1/120*v**6 + 1/10*v**5 - 3/2*v**3 + 1/8*v**4. What is the remainder when 24 is divided by j(6)?
6
Suppose 220 = 5*w + 2*b, -56 = -2*w + 5*b + 61. Calculate the remainder when w is divided by 13.
7
Suppose -5*v + 12 = 2. Suppose -3*q - v*q + 15 = 0. Suppose -3*b = -2*b - q*i - 35, -b + 4*i + 40 = 0. What is the remainder when 58 is divided by b?
18
Let v(c) = 11*c**2 - 2*c - 4. Suppose 43*n - 38*n - 130 = 0. Calculate the remainder when v(-3) is divided by n.
23
Let g = 0 - 1. Let d(o) = -o**2 + 6*o - 6. What is the remainder when d(3) is divided by (-5)/(-2) - g/(-2)?
1
Let v be -21 + 2/(0 + 2). Suppose -3*j + 23 = -10. What is the remainder when (-1)/(-1 - 19/v) is divided by j?
9
Calculate the remainder when 10 is divided by (-5)/25 + (-3)/((-15)/16).
1
Suppose -4*o = -58 + 10. What is the remainder when 33 is divided by o?
9
Suppose 0 = 5*b - 283 + 108. Let v(q) = -q - 13. Let w be v(-16). Suppose 0 = 2*y - w - b. Calculate the remainder when 36 is divided by y.
17
Let n be 2/(-2*1/(-99)). Suppose 4*d = -0*d + 236. Let p = n - d. Calculate the remainder when p is divided by 14.
12
Let m(b) = 4*b**2 - 4*b - 3. Calculate the remainder when 40 is divided by m(-2).
19
What is the remainder when -3*(-15)/27*3 is divided by 3?
2
Let q = 58 - 14. Let f(x) = -x**3 - x**2 - x + 15. What is the remainder when q is divided by f(0)?
14
Let q(x) = -9*x - 3. Let g be q(-2). Suppose f + 0 = -9. Let p = f + g. Calculate the remainder when 17 is divided by p.
5
Let d = -76 + 92. Calculate the remainder when 61 is divided by d.
13
Let w = 78 + -72. Calculate the remainder when w is divided by 2 - 3/(6/(-4)).
2
Suppose -p = -58 + 20. Let t = 39 - 57. Let k = p + t. Calculate the remainder when k is divided by 7.
6
Let r = 67 - 47. Let s be 50/(-15)*-1*9. Suppose -3*x + x - 4*d = -s, 37 = 3*x + 4*d. What is the remainder when r is divided by x?
6
Let k be (16 - -1)/(1 - 0). Suppose 0 = 5*d - k - 8. Suppose -5*g + 0*g = -d*p + 5, -26 = -5*p - 2*g. Calculate the remainder when 11 is divided by p.
3
Suppose 0 = -5*i - j + 59, i + 7*j = 2*j + 31. What is the remainder when 40 is divided by i?
7
Let r(q) = -8*q - 11. Calculate the remainder when 115 is divided by r(-5).
28
Let a = -38 - -119. What is the remainder when a is divided by 21?
18
Let w(p) = p**3 - 2*p**2. Let r be w(-2). Calculate the remainder when 34 is divided by 2/8 - 188/r.
10
Suppose -3*f - 52 = 2*x, -2*x - 91 = 5*f - 3*x. Let p be (-10)/50 - (-11)/5. What is the remainder when 35 is divided by -2*1/p*f?
17
What is the remainder when (756/(-13) - (-2)/13)/(-1) is divided by 15?
13
Let i(l) = -l**3 - 2*l**2 + 6*l - 7. Let d be i(-5). Suppose 4*z - d = -3*c, 3*c = z + 4*z + 74. What is the remainder when c is divided by 7?
4
What is the remainder when 49 is divided by 2/(-5)*5*(-19)/2?
11
Let m = -22 + 31. Let h = m - 5. What is the remainder when h is divided by 3?
1
Let o(u) = u + 19. Let a be (-2 - 34/(-4))*-2. Let z be o(a). Calculate the remainder when 1/2 + 315/z is divided by 18.
17
Suppose m = -3*l - 20, -m - 3*l - 60 = 2*m. Let h(r) = r**3 - 4*r**2 - 6*r + 2. Let u be h(6). Let a = u + m. Calculate the remainder when 35 is divided by a.
17
Let i(v) = -v**2 + 5*v - 1. Let z(m) be the first derivative of -m**3/3 - 3*m**2 - 2*m + 3. Let h be z(-5). What is the remainder when 13 is divided by i(h)?
3
Let f = -2 - -4. Suppose f*i = i + 3. Suppose o - 116 = -i*o. What is the remainder when o is divided by 8?
5
Suppose -5*n - 11 + 76 = 0. Suppose f + 5 = 4*i, 5*f + 4*i - 24 = 47. Let d = f - 7. What is the remainder when n is divided by d?
1
Let v = -1 + 3. Suppose 5*a = v*i - 7, -2*a = -0*a - 6. Let n = -5 + 11. What is the remainder when i is divided by n?
5
Suppose -3*n = -2*f - 160, -155 = -3*n - 20*f + 21*f. Calculate the remainder when n is divided by 13.
11
Suppose 335 = -96*s + 101*s. What is the remainder when s is divided by 10?
7
Let r = -9 - -22. Let m be 8/(-44) + (-62)/22. Calculate the remainder when r is divided by (28/6)/((-2)/m).
6
Let u(p) = p + 8. Let z(s) = -17*s - 6. What is the remainder when z(-1) is divided by u(-4)?
3
Let w = 27 + -11. Calculate the remainder when (-266)/(-18) - w/(-72) is divided by 8.
7
Let h(g) = 5*g - 1. Let k be h(1). Suppose -k*z + 9*z - 70 = 0. Calculate the remainder when (-4 - -7) + 0 + 37 is divided by z.
12
Calculate the remainder when 6/(-4)*(-260)/39 is divided by 3.
1
Let p = 16 - -3. Calculate the remainder when p is divided by 11.
8
Suppose 3*t = -t + 32. Suppose j + t = -j. Calculate the remainder when 34*(3 - (-10)/j) is divided by 6.
5
Suppose u - 2*u = -4. Suppose 0 = -u*t - 8, s - 2*t - 10 - 4 = 0. Suppose -3*m = 2*m - s. Calculate the remainder when 3 is divided by m.
1
Suppose 2*f = -2*f + 16. Suppose 16 = -f*y + 6*y. Suppose y*w - 40 = 3*w. What is the remainder when 22 is divided by w?
6
Let d(o) = -o**3 - 7*o**2 - 2*o - 9. Let x be d(-7). Let i = x - -37. Let a = -14 + i. Calculate the remainder when a is divided by 15.
13
Let m = -13 + 23. Suppose -2*a + 17 + 4 = -3*u, -5*a + m = u. Let c = 18 + -10. Calculate the remainder when c is divided by a.
2
Let g = 3 - 5. Let q = 2 - g. Suppose q*i = -0*i + 56. Calculate the remainder when i is divided by 5.
4
Let i(n) = n**3 - 6*n**2 + 4*n - 6. What is the remainder when 34 is divided by i(6)?
16
Suppose 3*c - 10*c + 133 = 0. Suppose -2 + 9 = m. What is the remainder when c is divided by m?
5
Suppose -5 = 3*o + 1. Let x = 1 + o. What is the remainder when 11 is divided by -4*(x + -1 + 1)?
3
Let z be (-171)/(-5) + (-1)/5. Suppose 4*n = -z + 162. Calculate the remainder when n is divided by 11.
10
Suppose 2*v - 36 = -2*v. Let b be 5 - (0 - 0)*1. Suppose -5*l + 85 = 5*y, -2*l - 10 = b*y - 92. Calculate the remainder when y is divided by v.
7
Suppose -w - 73 = -2*f, 0 = -2*f - 15*w + 19*w + 88. Calculate the remainder when 135 is divided by f.
33
Suppose 3*a - 174 = 2*l, l = 3 - 0. Calculate the remainder when 298 is divided by a.
58
Suppose -2*f - 58 = -5*r - 1, 13 = r - 2*f. Suppose -3*p = p - 8. Suppose p = -n + 8. Calculate the remainder when r is divided by n.
5
Let y = 34 + 1. Suppose 0*r - 60 = -5*r. Calculate the remainder when y is divided by r.
11
Let p(o) = o**2 + 2. Suppose -15 = -4*w + 13. What is the remainder when p(5) is divided by w?
6
Let c(j) = -6*j - 2*j**2 + j**3 - 2*j**3 - 4*j + 4*j - 2. What is the remainder when c(-4) is divided by 14?
12
Let h = -56 + 60. What is the remainder when 8 is divided by h?
0
Let g(u) = -u**2 - 2*u - 1. Let y be g(-1). Suppose 0*a + a - 8 = y. Calculate the remainder when 45/2 + (-1)/2 is divided by a.
6
Calculate the remainder when 91 is divided by -1*4/(12/(-69)).
22
Suppose -3*c - 45 = -201. What is the remainder when c is divided by 11?
8
Suppose -3*c = p - 4*p + 177, 0 = -5*p + 3*c + 289. Suppose -u - 5*w + p = 3, 3*w = u - 29. What is the remainder when u is divided by 13?
12
Suppose 48 = 5*i - i. Calculate the remain